{"id":55,"date":"2025-06-12T11:00:38","date_gmt":"2025-06-12T11:00:38","guid":{"rendered":"https:\/\/dr-hintermueller.at\/home\/?page_id=55"},"modified":"2025-06-12T11:05:55","modified_gmt":"2025-06-12T11:05:55","slug":"datenschutz","status":"publish","type":"page","link":"https:\/\/dr-hintermueller.at\/home\/datenschutz\/","title":{"rendered":"Datenschutz"},"content":{"rendered":"\n<h2 class=\"wp-block-heading\"><strong>Datenschutzerkl\u00e4rung gem\u00e4\u00df DSGVO<\/strong><\/h2>\n\n\n\n<p><strong>Verantwortlicher:<\/strong><br>Dr. med. univ. Peter Hinterm\u00fcller<br>Marktgraben 16\/1, 6020 Innsbruck<br>E-Mail: <a>peter.hintermueller.tirol@aon.at<\/a><\/p>\n\n\n\n<p><strong>Allgemeines<\/strong><br>Der Schutz Ihrer personenbezogenen Daten ist uns ein besonderes Anliegen. Wir verarbeiten Ihre Daten ausschlie\u00dflich auf Grundlage der gesetzlichen Bestimmungen (DSGVO, TKG 2021).<\/p>\n\n\n\n<p><strong>Erhebung und Verarbeitung personenbezogener Daten<\/strong><br>Die Nutzung dieser Website ist in der Regel ohne Angabe personenbezogener Daten m\u00f6glich. Wenn Sie uns per E-Mail oder \u00fcber Kontaktformulare personenbezogene Daten \u00fcbermitteln, erfolgt dies freiwillig. Ihre Daten werden ausschlie\u00dflich zur Bearbeitung Ihrer Anfrage verwendet und nicht an Dritte weitergegeben.<\/p>\n\n\n\n<p><strong>Daten\u00fcbertragung im Internet<\/strong><br>Wir weisen darauf hin, dass die Daten\u00fcbertragung im Internet (z.\u202fB. bei Kommunikation per E-Mail) Sicherheitsl\u00fccken aufweisen kann. Ein vollst\u00e4ndiger Schutz der Daten vor dem Zugriff durch Dritte ist nicht m\u00f6glich.<\/p>\n\n\n\n<p><strong>Ihre Rechte<\/strong><br>Ihnen stehen grunds\u00e4tzlich die Rechte auf Auskunft, Berichtigung, L\u00f6schung, Einschr\u00e4nkung der Verarbeitung, Daten\u00fcbertragbarkeit und Widerspruch zu. Wenn Sie glauben, dass die Verarbeitung Ihrer Daten gegen das Datenschutzrecht verst\u00f6\u00dft, k\u00f6nnen Sie sich bei uns oder bei der \u00f6sterreichischen Datenschutzbeh\u00f6rde beschweren.<\/p>\n\n\n\n<p><strong>Kontakt zum Datenschutz:<\/strong><br>F\u00fcr Fragen zur Verarbeitung Ihrer Daten oder zur Aus\u00fcbung Ihrer Rechte wenden Sie sich bitte an:<br>E-Mail: <a>service@e-health.at<\/a><\/p>\n","protected":false},"excerpt":{"rendered":"<p>Datenschutzerkl\u00e4rung gem\u00e4\u00df DSGVO Verantwortlicher:Dr. med. univ. Peter Hinterm\u00fcllerMarktgraben 16\/1, 6020 InnsbruckE-Mail: peter.hintermueller.tirol@aon.at AllgemeinesDer Schutz Ihrer personenbezogenen Daten ist uns ein besonderes Anliegen. Wir verarbeiten Ihre Daten ausschlie\u00dflich auf Grundlage der gesetzlichen Bestimmungen (DSGVO, TKG 2021). Erhebung und Verarbeitung personenbezogener DatenDie Nutzung dieser Website ist in der Regel ohne Angabe personenbezogener Daten m\u00f6glich. Wenn Sie uns &#8230; <a title=\"Datenschutz\" class=\"read-more\" href=\"https:\/\/dr-hintermueller.at\/home\/datenschutz\/\" aria-label=\"Read more about Datenschutz\">Read more<\/a><\/p>\n","protected":false},"author":1,"featured_media":0,"parent":0,"menu_order":0,"comment_status":"closed","ping_status":"closed","template":"","meta":{"footnotes":""},"class_list":["post-55","page","type-page","status-publish"],"_links":{"self":[{"href":"https:\/\/dr-hintermueller.at\/home\/wp-json\/wp\/v2\/pages\/55","targetHints":{"allow":["GET"]}}],"collection":[{"href":"https:\/\/dr-hintermueller.at\/home\/wp-json\/wp\/v2\/pages"}],"about":[{"href":"https:\/\/dr-hintermueller.at\/home\/wp-json\/wp\/v2\/types\/page"}],"author":[{"embeddable":true,"href":"https:\/\/dr-hintermueller.at\/home\/wp-json\/wp\/v2\/users\/1"}],"replies":[{"embeddable":true,"href":"https:\/\/dr-hintermueller.at\/home\/wp-json\/wp\/v2\/comments?post=55"}],"version-history":[{"count":2,"href":"https:\/\/dr-hintermueller.at\/home\/wp-json\/wp\/v2\/pages\/55\/revisions"}],"predecessor-version":[{"id":60,"href":"https:\/\/dr-hintermueller.at\/home\/wp-json\/wp\/v2\/pages\/55\/revisions\/60"}],"wp:attachment":[{"href":"https:\/\/dr-hintermueller.at\/home\/wp-json\/wp\/v2\/media?parent=55"}],"curies":[{"name":"wp","href":"https:\/\/api.w.org\/{rel}","templated":true}]}}